 + 96/42. Suppose 2*m = -3*p - 0*m + 52, -2*m - 18 = -z*p. Calculate the remainder when 55 is divided by p.
13
Let p(l) = -7*l - 4. Suppose -4*y + 61 = c, 0*c + 5*y = -4*c + 299. Suppose -5*z = -246 + c. Calculate the remainder when z is divided by p(-3).
16
Let m(y) = -y**2 + 44*y + 56. What is the remainder when m(23) is divided by 12?
11
Suppose 139 = r + 14. What is the remainder when r is divided by 58?
9
Suppose z = 24 + 81. Let q = 173 - z. Suppose -9*v + q = -5*v. Calculate the remainder when v is divided by 10.
7
Let l = 8 - -19. Let j = l + -23. Suppose 3*a = -0*a - 15, -4*a = -j*g + 36. Calculate the remainder when 11 is divided by g.
3
Let v be 3611/(-69) - 4/6. Let g = v + 78. Calculate the remainder when 74 is divided by g.
24
Let m(h) = h - 6. Let b be m(11). Let k(a) = 45*a**2 + 3*a - 2. Calculate the remainder when k(1) is divided by b*((-192)/(-15))/4.
14
Let i(k) = 2*k - 15. Let u be i(10). Suppose u*g + 3*v - v - 36 = 0, -5*g + 18 = -4*v. What is the remainder when 23 is divided by g?
5
Calculate the remainder when 64 + (-6 - 0)*2/3 is divided by 15.
0
Let v(u) = -52*u + 7. Let n be v(2). Let c = -68 - n. What is the remainder when c is divided by 17?
12
Suppose -3*a + 28 = -2*w + 8, 3*w + 25 = 4*a. What is the remainder when 36 is divided by a?
6
Let o = 74 - 328. Let j = -36 - o. Calculate the remainder when j is divided by 22.
20
What is the remainder when 322 is divided by 750/(-90)*(1 - 4)?
22
Suppose 3*f = -2*j - 0*f - 21, -59 = 5*j + f. Let t = j - -20. Calculate the remainder when 30 is divided by t.
6
Let u(x) = x**3 + 4*x**2 - 3*x + 12. Let l be u(-5). Suppose 64 = 4*p - h, -p - l*h = 2*h - 16. What is the remainder when 61 is divided by p?
13
Let t(l) = 2*l**2 - 12*l + 3. Let v be t(6). Suppose 0 = v*h - 11 + 2. Let c(d) = -d**2 + 8*d - 8. Calculate the remainder when c(6) is divided by h.
1
Let v(c) = c**3 + 15*c**2 - 29*c - 14. Calculate the remainder when v(-16) is divided by 28.
26
Let l(g) be the first derivative of -g**4/4 + 4*g**3/3 + 3*g**2/2 - 4*g + 1. Let k = -70 + 96. What is the remainder when k is divided by l(3)?
12
Let v(a) = 3*a**3 - 6*a**2 - 41*a + 114. What is the remainder when 1600 is divided by v(3)?
16
Suppose -x = 5*v - 74 - 75, 2*v = 2*x + 50. Let d = -21 + v. Calculate the remainder when 12 is divided by d.
4
Let c = -907 - -1029. What is the remainder when 1219 is divided by c?
121
Let h = 20 + 3. What is the remainder when -168*3*4/(-18) is divided by h?
20
Let w(m) = m**2 - 4*m + 4. Let a be w(3). Let l = 2 + a. Suppose -11 = u + l*x + x, -3*u + 32 = -x. Calculate the remainder when 16 is divided by u.
7
Let k = -124 + 83. Let o = k - -65. What is the remainder when o is divided by 13?
11
Suppose -98*s - 750 = -2318. Calculate the remainder when 113 is divided by s.
1
Let l be (3/2)/((-2)/(-28)). Suppose -y = -0*y - l. Suppose -5*d = 3*u - 46, 0 = 3*d - 3*u + u - 39. What is the remainder when y is divided by d?
10
Let q(m) = m**2 + 3*m + 6. Calculate the remainder when q(-9) is divided by (1 - -1)/((-87)/(-1479)).
26
Calculate the remainder when 372 is divided by (89 - 197)/(-3 + 1).
48
Calculate the remainder when 217 is divided by (-146)/(-6) - ((-279)/(-27) - 9).
10
What is the remainder when 80 is divided by (-3)/(-36) - (-1473)/(-72)*-2?
39
Calculate the remainder when 435 is divided by 8/(-10) - (670/(-25) - -4).
17
Suppose 4*r - 180 = -4*v, 5*r - 25 = -3*v + 204. What is the remainder when 181 is divided by r?
40
Let s(o) = o**2 + 13*o - 3. Suppose 7*d + 35 = -63. Calculate the remainder when 32 is divided by s(d).
10
Let i = 26 + 19. Calculate the remainder when 158 is divided by i.
23
Calculate the remainder when (-4)/18 - (175840/126)/(-16) is divided by 30.
27
Suppose p = 20 - 3. Let c = p + -11. Let l = -16 + 27. Calculate the remainder when l is divided by c.
5
Let r = 7 + -5. Suppose 2*y = 3*c + 1027, 4*y = -0*c + 2*c + 2066. Calculate the remainder when (y/28)/(r/4) is divided by 10.
7
Let x(q) = q**3 + 22*q**2 - 24*q - 21. Let i be x(-23). Calculate the remainder when 86 is divided by i/3 + ((-228)/(-9) - 4).
20
Suppose 633 = -6*c + 3*c. Let r = c + 329. Let n = r - -23. What is the remainder when n is divided by 36?
33
Let b = 12 - -4. Let z be (19 - b)/(0 + 1). Suppose 0 = -2*l - 5*o + 51, 5*l - z*o - 187 = -75. What is the remainder when l is divided by 4?
3
Suppose 2*z + 96 - 272 = 0. What is the remainder when z is divided by (-2 - -49) + (-28)/14?
43
Suppose -2*a + 68 = 4*k - 6*a, -k + 3*a = -23. Calculate the remainder when 3/(-4) + (-572)/(-16) is divided by k.
7
Let s = -49 - -72. Let g(n) = 2*n - 14. Let a be g(12). What is the remainder when s is divided by (-32)/2*(-5)/a?
7
Suppose z - 135 + 37 = 0. Let h(j) = 2*j**3 - 4*j**2 + 2*j + 1. Let f be h(2). Suppose f*w = 48 + 52. Calculate the remainder when z is divided by w.
18
Suppose 6*h - 12*h = -192. Calculate the remainder when 126 is divided by h.
30
Suppose -4*p + 777 + 2039 = 0. Suppose 0*i = 16*i - p. Calculate the remainder when 85 is divided by i.
41
Let l = -86 - -100. What is the remainder when l is divided by 5?
4
Let l(q) = -5*q**2 - 44*q. Let a(r) = 3*r**2 + 29*r. Let x(u) = 8*a(u) + 5*l(u). Calculate the remainder when 21 is divided by x(11).
10
Let m(j) = -70*j - 6*j**2 - 5*j**3 + 63*j + 4*j**3 - 3. What is the remainder when m(-6) is divided by 15?
9
Let b be 312/20 - 6/10. Suppose -2*m + 8 + 10 = 0. Let q = b + m. What is the remainder when 94 is divided by q?
22
Let d(w) = w**3 + 3*w**2 - 3*w + 1. Let a = -179 - -211. What is the remainder when a is divided by d(-3)?
2
Let t(f) = -f**3 - 3*f**2 - 4*f - 2. Let v be t(-3). Let o = 15 - v. Suppose 0 = -2*z - 24 + 40. What is the remainder when z is divided by o?
3
Suppose -4 = -3*z - 4*f, 0 = -5*z + 3*z + f - 1. Suppose l + z*l = 16. What is the remainder when 61 is divided by l?
13
Let n = -48 + 82. Suppose -2*b + 92 = n. Calculate the remainder when b is divided by 11.
7
Let f be 226/10 + 32/80. Let u = -11 + f. What is the remainder when 47 is divided by u?
11
Suppose -616 = -3*s - 84*o + 89*o, 3*s = 3*o + 618. What is the remainder when s is divided by 65?
12
Let c = -909 + 917. What is the remainder when 356 is divided by c?
4
Let g(x) = x**2 - 66*x + 218. Calculate the remainder when 1216 is divided by g(63).
27
Calculate the remainder when 105 is divided by (-36)/5*5*(-8)/16.
15
Suppose -12*p + 555 - 87 = 0. What is the remainder when p is divided by 14?
11
Let n(z) be the first derivative of -z**2/2 + 24*z + 10. Suppose -p - 300 = -5*f, 4*f + 0*f = -2*p + 240. What is the remainder when f is divided by n(-7)?
29
Let f(i) = -i**3 - 4*i**2 - 5*i - 6. Let n be f(-4). Calculate the remainder when (-1620)/(-42) + 6/n is divided by 14.
11
Let p(n) = n**3 - n**2 - n + 2. Let o(q) = 2*q**3 - 12*q**2 + 38*q - 135. Calculate the remainder when o(5) is divided by p(2).
1
Let y be 3 + 14/5*(-243 + 3). What is the remainder when (1 - y/39) + 20/(-130) is divided by 5?
3
Let l(h) = h**2 - 8*h + 13 - 4 - 2 + 12. Calculate the remainder when 19 is divided by l(6).
5
Suppose -6*i = -11*i + 215. Let q = i - 13. What is the remainder when q is divided by ((-1)/(-2))/(2/32)?
6
Let w = 11 + -11. What is the remainder when 230 is divided by (66 - 4) + w + (-4)/1?
56
Suppose -4*u + 13 = -19. What is the remainder when -2*(-6 + -1 + 1) is divided by u?
4
Suppose -3*i - 36 = 18. Let n(q) = q**3 + 2*q**2 - 2*q - 3. Let b be n(-4). Let j = i - b. Calculate the remainder when 26 is divided by j.
8
Suppose 40 = 446*o - 454*o. Suppose 3*w + 1 = -2*m, -2*m + 7 = -0*m - 5*w. Let v = m - o. What is the remainder when 22 is divided by v?
4
Let n = -1046 + 1141. Calculate the remainder when 198 is divided by n.
8
Let h = -137 + 209. Suppose -125 + 29 = 2*n. Let t = n - -73. Calculate the remainder when h is divided by t.
22
Let s(x) = x**2 + x - 55. What is the remainder when s(9) is divided by 12?
11
Suppose 0 = 2*s - 5*s + 99. Let i(k) = -k**3 + k**2 + 110*k + 16. What is the remainder when s is divided by i(11)?
1
Let l(c) = 14*c**2 + 6*c + 4. Calculate the remainder when 187 is divided by l(-1).
7
Suppose 0 = 5*k - 408 - 167. Calculate the remainder when k is divided by 20.
15
What is the remainder when 76 is divided by (-1 - 28/(-42)) + 79/3?
24
Let i be 7 + -